1/4*q**4 - 3. Let k = 3 - 5. What is y(k)?
9
Let b = 6 - 11. Let z(s) be the first derivative of -s**2 - 6*s + 9. Calculate z(b).
4
Let w(o) = 4*o**3 + 7*o**2 - 2*o. Let b(s) = -5*s**3 - 8*s**2 + 2*s. Let f(q) = -5*b(q) - 6*w(q). Calculate f(2).
4
Let o be (-3 - -4)/((-2)/(-10)). Let s(d) be the first derivative of d**4/4 - 4*d**3/3 - 5*d**2/2 - 3. Calculate s(o).
0
Let t = -4 + -2. Let c = 19 - 17. Let r(a) = -c*a + 5*a - 2*a + 1 + 1. What is r(t)?
-4
Let n(m) = m**2 + 5*m + 3. Let o(g) = 5*g + 12. Let f be o(-3). Calculate n(f).
-3
Let i(d) = -d**2 - 5*d - 5. Suppose -r = -5*r - 20. Let q be i(r). Let s(u) = 0*u**2 + 4*u + 3*u + 2 + u**2. Calculate s(q).
-8
Let i be (5/5)/(-3)*-18. Let w(o) = -o**3 + 7*o**2 - 6*o - 6. Calculate w(i).
-6
Let b(r) = r**3 + 10*r**2 + 10*r + 11. Let f be b(-9). Suppose -f*l = 2*l - 3*v, -v = -5*l + 11. Let c(k) = -l*k - k**2 + 4*k + k. Give c(2).
0
Suppose -5*t + 3*r = -2*r - 85, 0 = 4*r + 8. Let n be t/(-2)*(-12)/15. Let l(u) = -2*u. Give l(n).
-12
Let y(w) = 2*w - 8. Suppose -2*a - 1 + 13 = 0. Determine y(a).
4
Let t(m) = 2*m - 8. Let o be t(6). Let s(g) = -13 - g**2 + 15 + o*g + g. Give s(6).
-4
Let j(l) = 3*l + 8 + 3 - 4 + 3. Determine j(-7).
-11
Let u(f) = f**2 + 6*f + 3. Let k(w) = -2*w**2 - 12*w - 7. Let a(z) = 2*k(z) + 5*u(z). What is a(-5)?
-4
Suppose 4*p - 4 = -12. Let j(v) = -v**2 + 2*v. Determine j(p).
-8
Let j(h) = h**2 + 2*h + 2. Suppose -c - 2*i = 3*i + 23, 0 = -c + i + 1. What is j(c)?
5
Let d(l) = -l**3 + 3*l**2 - 4. Suppose -4*h + 3 = 5*c, 5*c - 2*h - 27 = 2*h. Determine d(c).
-4
Let q(h) = -5*h**2 + 4*h**2 - 2*h**2. Let s(z) = -z**2 - 4*z - 1. Let m be s(-5). Let x be 1 - 3/(m/(-4)). Calculate q(x).
-3
Let s(p) = 1 - 7*p - 11*p + 12*p. Calculate s(1).
-5
Let f(x) = 3*x**2 - 4*x - 3. Let m(i) = 4*i**2 - 5*i - 4. Let y(b) = 3*f(b) - 2*m(b). Suppose 2*d = 3*r - 8*r - 1, -2*d + 2 = 2*r. Calculate y(d).
-1
Let s(a) be the first derivative of a**2/2 - 3*a + 15. Calculate s(-3).
-6
Let o(t) = -t**3 + 5*t**2 - 2*t + 4. Let w = -1 - -5. Suppose -u = w*n - 13, -2*u - 3*n + 7*n = 34. Let l(f) = f**2 + 7*f + 5. Let s be l(u). Determine o(s).
-6
Let w be 0 + -7 + 4/4. Let z(h) = h**2 + 4*h - 7. What is z(w)?
5
Let t(c) = 7*c - 9*c**2 - 3*c - 3*c. Suppose -2 + 14 = -4*p. Let f be (-6 - p)*1/(-3). What is t(f)?
-8
Let l(c) = -c**2 + 8*c - 7. Let y be (1/(-2))/((-29)/290). What is l(y)?
8
Let y(m) = -m**2 + 5*m + 1. Let q(p) = p. Let h be q(6). Calculate y(h).
-5
Let z be 5 + -8 + (-4)/(-1). Let x(m) = -5*m + 1. Determine x(z).
-4
Let o(m) = 5*m**2 - m + 5. Let i(k) = -k**2 - 1. Let l(b) = 9*i(b) + 2*o(b). Let f = 82 + -80. Determine l(f).
1
Let v = 3 + 0. Let s = 4 + -2. Let d(a) = 6*a**s + a + 1 - a**3 + 2*a**v - 3*a**2. Determine d(-2).
3
Let r(f) be the third derivative of -f**6/120 - f**5/20 - f**4/12 - 2*f**3/3 + 11*f**2. Give r(-3).
2
Let a(n) be the third derivative of -n**6/120 + 2*n**5/15 - n**4/4 - 4*n**3/3 + 16*n**2. Give a(7).
-1
Let k(s) = 1 + s**2 + 5 - 2 - 7*s. Let i = 3 - 0. Suppose -2*j = -7*w + 2*w + 26, -2*w + i*j + 6 = 0. What is k(w)?
-2
Suppose -x = -6*x + 20. Let l(d) = 1 + 1 + x*d + 2*d - 5*d. What is l(-3)?
-1
Let w(t) = t**2 + t - 1. Let i(x) = -x**2 + 2*x - 1. Let d(q) = -i(q) + w(q). Let j(s) = 2*s**2 + s. Let v be j(-1). Determine d(v).
1
Let v be ((-14)/(-6) + -3)*12. Let c = 5 + v. Let z(d) be the second derivative of -d**5/20 - d**4/6 + 2*d**3/3 + 3*d**2/2 - d. Determine z(c).
0
Let d(i) be the first derivative of -3*i**2/2 + 3*i - 1. Let n(t) = -t**2 - 5*t + 45. Let s be n(-10). What is d(s)?
18
Let l(m) = m**3 + 2*m**2 + 5*m + 5. Let f be l(-2). Let j(c) = 13*c + 4. Let o(p) = 7*p + 2. Let t(a) = -6*j(a) + 11*o(a). Calculate t(f).
3
Let g(f) = 2*f**2 + f. Suppose -4*t + 24 = -2*x, -4*x - x = -2*t + 20. Determine g(x).
6
Let z(p) = -4*p**3 - p**2 + 3*p + 2. Let f(c) = -8*c**3 - c**2 + 5*c + 3. Let u(x) = 3*f(x) - 5*z(x). What is u(1)?
-3
Let d be 2 + (-8)/4 + 2. Let n(h) = -3 - 7 - 8*h**2 + 5 + 2*h**d + h**3. Calculate n(6).
-5
Let n be 2 - (3/(-1) + 3). Let i(m) = 4*m**n - 9 - m**3 + 11 - 5 + 3*m. Calculate i(2).
11
Let l(q) = 91*q - 184*q + 91*q. Let n = -2 + 6. Suppose 4*v + 3*g = 8 - 0, 0 = -2*v - 2*g + n. What is l(v)?
-4
Let h(c) be the first derivative of c**4/4 - 2*c**3 + 2*c**2 + 4. Let z = 2 + -2. Suppose z*k = 4*k - 20. Calculate h(k).
-5
Let n(x) = -2*x + 2 - 3*x**3 - 8*x**2 + 10 + 4*x**3. What is n(8)?
-4
Suppose -5*t + 2 - 17 = 0. Let j(d) be the third derivative of -d**4/12 - d**3/2 + d**2. Determine j(t).
3
Let t(a) = a**3 - 5*a**2 - 7*a + 3. Let z(w) = -w**3 - 3*w**2 + w - 6. Let x be z(-4). Calculate t(x).
-3
Let l(h) be the third derivative of 0*h + 1/6*h**3 + 1/5*h**5 + 0*h**4 + 0 + h**2. Calculate l(1).
13
Let g(l) = -3*l + 2*l - 6*l + 6*l + 2. What is g(4)?
-2
Let s(w) = 14*w**2 - 8*w. Let i(j) = j**2 + 2. Let c be i(2). Let a(n) = -5*n**2 + 3*n. Let u(k) = c*s(k) + 17*a(k). Give u(5).
-10
Let x be (-4)/(-12) + (-2)/6. Let n(z) = x*z + z**3 - 1 + 6*z**2 + 2 + 4*z. What is n(-5)?
6
Let f(t) = -2*t + 9. Let h be 2*(18/4)/(-3). Let g be -1 - h - (2 - 6). What is f(g)?
-3
Let n(f) = -f + 11. Let w be n(6). Let l(c) = -c**2 - w*c - 3 + 5 - 5. What is l(-5)?
-3
Let j(b) be the first derivative of b**6/360 - b**5/60 + b**4/6 - 2*b**3/3 - 2. Let v(n) be the third derivative of j(n). What is v(3)?
7
Let d be -12*-2*(-2)/(-12). Suppose 4*o - d*w = 8, -5*o - 3*w + 46 = w. Let a(y) be the third derivative of y**4/24 - 5*y**3/6 + 2*y**2. Calculate a(o).
1
Let k(f) be the third derivative of -f**6/720 + f**5/30 + f**4/24 + 4*f**2. Let w(n) be the second derivative of k(n). Give w(0).
4
Let g(p) be the second derivative of -p**4/12 + p**2/2 + 2*p. Let v be (0 - -4) + (-16)/4. Determine g(v).
1
Let b be (-3 - 0) + (-1)/1. Suppose 3*t = -3*g + 9, 5*t - 10 = 2*g + 5. Let r(q) = -q - 1 - q**2 - 4*q + g*q**2. Determine r(b).
3
Let r(s) = -3 + 6 - 4*s**2 + 3*s**2 - s**3. Let n(g) = g**3 + 5*g**2 - g - 3. Let y be n(-5). Suppose y*x = -x. Give r(x).
3
Let x(y) be the second derivative of y**5/20 - y**3/6 - 9*y**2 + 2*y. Determine x(0).
-18
Let k = 241 - 5783/24. Let i(d) be the third derivative of 0*d - d**3 + 0 - d**2 - k*d**4. Calculate i(-5).
-1
Let v(g) = -2*g**2 - 2*g + 2. Let d(s) = -2*s - 1. Let f be d(-3). Suppose 3*c + 22 - 1 = 0. Let y = f + c. What is v(y)?
-2
Let b(m) be the third derivative of m**7/5040 - m**5/30 - m**2. Let v(s) be the third derivative of b(s). Suppose 6 = -2*z, -y + 2*z - 14 = 7*z. What is v(y)?
1
Suppose 0 = j + 3 - 7, 5*j = v + 14. Let w(z) = 3 - v*z - 2 + 0. Calculate w(1).
-5
Suppose -a + 54 = -3*a. Let z be (-1)/(-4) + a/12. Let l = 3 - z. Let h(g) = -g**3 + 5*g**2 + g + 1. Give h(l).
6
Let u(v) = -v**2 + v - 2. Let q = 3 + 2. Suppose 10*b - 35 = 5*b - 5*x, 5*x - 17 = -3*b. Let h be b/q + (-1)/(-5). Calculate u(h).
-4
Let b be 15/40 + 5/8. Let j = 1 - -1. Let v(i) = -2*i + 5*i + 0 + 3 - j. Calculate v(b).
4
Let z be ((5 - 3) + 0)*1/4. Let a(c) be the first derivative of -3 + 6*c - z*c**2. Give a(5).
1
Let a = -94 - -89. Let v(u) = -u**2 - 5*u + 6. What is v(a)?
6
Let u be ((-1)/2)/(2/12). Let w(n) be the first derivative of n**5/120 - n**4/12 - n**3/3 - 1. Let m(v) be the third derivative of w(v). Calculate m(u).
-5
Let b(p) = -p**3 - 6*p**2 + 2. Let l be b(-6). Let u(s) = -s - 3*s**2 + 3 + 3*s**2 + s**l. What is u(3)?
9
Let b(l) be the third derivative of -4*l**2 - 1/8*l**4 + 7/6*l**3 + 0*l + 0. What is b(5)?
-8
Let f(j) = j**3 + 6*j**2 + 4*j - 5. Suppose -96 + 31 = 13*c. Give f(c).
0
Suppose 4*o = 2 + 2. Let s(w) be the third derivative of w**6/240 - w**5/120 - w**4/8 + 3*w**2. Let t(v) be the second derivative of s(v). Calculate t(o).
2
Suppose -4*g - 4*z - 28 = 0, 2*g = 3*z - 5 + 1. Let u(i) = 0*i - i**3 - 1 + 2*i - 5*i**2 - 1. Calculate u(g).
-12
Let x(v) = 20*v**3 + v**2 - 2*v + 1. Let o be x(1). Suppose 3*i + o = -i. Let l be 2/(-7) + i/7. Let a(h) = -10*h**3 + 2*h**2 + h. Determine a(l).
11
Let c(p) = 7*p**3 + 4*p**2 - p - 2. Let j(s) = s**3 + s**2. Let l(h) = c(h) - 6*j(h). Let w be 4 + -1*(2 + -1). Give l(w).
4
Let y(l) = 2*l - 2. Let h(j) = 3*j - 4. Let w(m) = 3*h(m) - 5*y(m). Let d(k) = -k - 1. Let g(b) = -7*d(b) + 5*w(b). Let o = 9 - 5. Give g(o).
5
Let c(r) = -r**2 + 2*r + 2. Let m(y) = -y + 3. Let o(f) = -4 + 5*f - 16*f